on divisor of 353046 and 348.
174
What is the highest common factor of 60 and 483900?
60
What is the greatest common factor of 10892 and 6?
2
What is the greatest common factor of 4596 and 264?
12
What is the highest common divisor of 504 and 4312?
56
Calculate the greatest common divisor of 23329 and 6109.
41
What is the highest common divisor of 120513 and 2919?
417
Calculate the highest common factor of 12500 and 1000.
500
Calculate the greatest common divisor of 413 and 50799.
413
Calculate the greatest common factor of 2150 and 800.
50
What is the highest common divisor of 18024 and 192?
24
What is the highest common divisor of 10 and 172675?
5
Calculate the greatest common factor of 288 and 109536.
96
Calculate the greatest common divisor of 11236871 and 61.
61
What is the highest common factor of 13817 and 492?
41
Calculate the highest common factor of 136 and 167416.
136
What is the greatest common factor of 1752 and 56?
8
What is the greatest common factor of 14 and 47474?
14
Calculate the greatest common factor of 122 and 1376.
2
Calculate the greatest common factor of 152 and 162488.
152
Calculate the greatest common factor of 222045 and 5763.
339
What is the greatest common divisor of 13481 and 2057?
17
What is the greatest common divisor of 17310 and 870?
30
Calculate the highest common factor of 108528 and 240.
48
What is the greatest common factor of 12960 and 9600?
480
Calculate the greatest common divisor of 3990 and 966.
42
What is the greatest common factor of 8513 and 12?
1
What is the highest common factor of 435 and 347855?
145
What is the highest common divisor of 644 and 10864?
28
What is the highest common divisor of 61 and 898103?
61
Calculate the highest common divisor of 16156155 and 915.
915
Calculate the highest common factor of 22 and 356026.
22
What is the greatest common factor of 196830 and 2754?
162
Calculate the highest common factor of 16611 and 79665.
339
Calculate the highest common factor of 2 and 218098.
2
What is the greatest common divisor of 1 and 207881?
1
What is the greatest common factor of 11925 and 84300?
75
Calculate the greatest common factor of 427 and 1310463.
427
Calculate the highest common divisor of 38875 and 311.
311
Calculate the greatest common divisor of 8042773 and 599.
599
What is the greatest common divisor of 108624 and 7227?
219
What is the highest common divisor of 80319 and 410?
41
What is the highest common divisor of 29820 and 149810?
710
Calculate the greatest common divisor of 1288 and 1113016.
184
Calculate the greatest common factor of 19589 and 228.
19
What is the greatest common factor of 5546 and 13442?
94
Calculate the highest common factor of 1372 and 1936578.
686
Calculate the highest common divisor of 50 and 33829950.
50
What is the highest common factor of 39221 and 91?
91
What is the greatest common divisor of 1150153 and 53?
53
Calculate the highest common divisor of 289 and 100283.
289
What is the greatest common divisor of 41358 and 22082?
122
What is the greatest common factor of 21242 and 20683?
559
What is the highest common divisor of 28740 and 190?
10
What is the greatest common divisor of 17200 and 10?
10
What is the greatest common divisor of 208327 and 217?
7
Calculate the highest common divisor of 49 and 69167.
7
What is the highest common divisor of 51 and 2550?
51
Calculate the highest common factor of 180 and 585540.
180
What is the greatest common divisor of 2890 and 110?
10
Calculate the highest common divisor of 2392 and 707733.
299
Calculate the greatest common divisor of 75 and 28197.
3
Calculate the highest common divisor of 81271 and 3886.
67
Calculate the highest common divisor of 72 and 25020.
36
What is the highest common divisor of 7202 and 2770?
554
Calculate the greatest common divisor of 725 and 155.
5
What is the greatest common factor of 372 and 4812?
12
What is the highest common divisor of 715 and 11869?
143
Calculate the greatest common factor of 32530 and 80.
10
Calculate the greatest common divisor of 23777 and 26.
13
What is the greatest common divisor of 1803670 and 385?
55
Calculate the highest common divisor of 30 and 9015.
15
What is the highest common factor of 4018 and 30331?
49
What is the highest common divisor of 39785 and 3488?
109
Calculate the greatest common divisor of 1735473 and 93.
93
Calculate the highest common factor of 39550 and 10.
10
Calculate the greatest common factor of 80626 and 546.
182
Calculate the greatest common divisor of 105 and 8025.
15
What is the highest common factor of 494665 and 304?
19
Calculate the highest common divisor of 1248112 and 16.
16
What is the highest common factor of 19225 and 675?
25
Calculate the highest common factor of 8 and 122304.
8
What is the highest common divisor of 772 and 239899?
193
What is the greatest common divisor of 229932 and 102?
6
What is the greatest common divisor of 156 and 170404?
52
What is the greatest common factor of 14 and 1432?
2
Calculate the highest common divisor of 35957298 and 78.
78
Calculate the highest common divisor of 539216 and 2680.
536
What is the highest common divisor of 1334 and 1219?
23
Calculate the greatest common divisor of 3584422 and 393.
131
Calculate the greatest common divisor of 63750 and 135.
15
What is the highest common factor of 1456 and 7252?
28
What is the highest common factor of 120 and 10056?
24
What is the greatest common factor of 127 and 579247?
127
What is the greatest common factor of 66588 and 2604?
372
Calculate the greatest common divisor of 247814 and 62.
62
What is the highest common divisor of 15 and 30605?
5
Calculate the greatest common divisor of 3155 and 245.
5
Calculate the highest common divisor of 908 and 111003.
227
Calculate the greatest common divisor of 96291 and 936.
117
What is the greatest common divisor of 3000 and 20560?
40
Calculate the highest common divisor of 152320 and 85.
85
What is the greatest common divisor of 1168077 and 15442?
1103
What is the highest common divisor of 1562 and 5302?
22
Calculate the greatest common divisor of 27343 and 333.
37
Calculate the highest common divisor of 1920 and 2910.
30
Calculate the greatest common factor of 2331 and 31716.
9
What is the greatest common divisor of 84 and 17844?
12
What is the highest common factor of 358900 and 15725?
925
What is the highest common divisor of 49708 and 11008?
172
Calculate the greatest common factor of 1990 and 18270.
10
Calculate the greatest common divisor of 852 and 15972.
12
What is the greatest common factor of 5888 and 268640?
736
What is the greatest common divisor of 3 and 5489?
1
What is the greatest common factor of 84 and 17620176?
84
What is the highest common divisor of 100240 and 4480?
560
Calculate the greatest common divisor of 3002 and 14378.
158
Calculate the highest common factor of 13488 and 188.
4
What is the greatest common divisor of 11050 and 487526?
442
Calculate the highest common divisor of 109612 and 3216.
268
Calculate the greatest common divisor of 902360 and 5440.
680
Calculate the greatest common divisor of 15 and 1344.
3
What is the greatest common divisor of 10086 and 268468?
82
Calculate the highest common factor of 21658 and 1768.
442
Calculate the highest common factor of 11805120 and 16.
16
Calculate the greatest common divisor of 576576 and 1782.
198
Calculate the highest common divisor of 374 and 106.
2
Calculate the greatest common factor of 16 and 212.
4
What is the greatest common factor of 561835 and 313?
313
Calculate the highest common divisor of 1833 and 15639.
39
What is the highest common factor of 58866 and 12?
6
What is the highest common divisor of 271159 and 77?
7
Calculate the highest common factor of 15 and 97530.
15
What is the greatest common factor of 25077 and 507?
39
Calculate the greatest common divisor of 2880 and 5094.
18
What is the greatest common divisor of 561828 and 12?
12
What is the highest common divisor of 1387 and 227103?
73
Calculate the greatest common divisor of 24521 and 2170.
217
Calculate the greatest common divisor of 8442 and 1386.
126
Calculate the greatest common factor of 1607892 and 198.
66
What is the highest common divisor of 54810 and 4320?
270
Calculate the highest common factor of 13605 and 5295.
15
What is the 